he units digit of 16/20 - (u - (-4811)/(-5))?
8
Suppose -4*s - 2*k = 78, 0*s + 2 = -s + 3*k. Let g = s - -22. Suppose -o + 136 = 4*f, 4*o = 5*o + g*f - 139. What is the hundreds digit of o?
1
Suppose 3*c - 37356 = -5*v, -5*c = -10*v + 8*v + 14930. Suppose 17*m = 26*m - v. What is the hundreds digit of m?
8
Let b = -6538 + 17398. What is the thousands digit of b?
0
Let q(f) = 3*f**2 + 23*f - 45. What is the units digit of q(17)?
3
What is the hundreds digit of 2805/1 - (85 + -100)?
8
Let b(x) = x**2 - 25*x + 43*x + 2 - 2*x**2. Suppose 2*d + 2*d + q = 48, 5*d - 2*q = 73. What is the tens digit of b(d)?
6
Let p = 88 + -44. Let i = 47 - p. What is the units digit of (-4)/(-8) + (i - 405/(-2))?
6
Let w(j) = -j**3 + j + 162 - 2*j**3 - 170 + 0*j**2 + 4*j**2. What is the units digit of w(-4)?
4
Let w = -1058 - -734. Suppose 1836 = -b - 3*b. Let p = w - b. What is the hundreds digit of p?
1
Let j(d) = 3590*d + 9204. What is the units digit of j(11)?
4
Suppose -4 = 4*g, 2*x - g - 20 = -9. Suppose 0 = -0*z - x*z + 4*u + 646, -5*z + u + 649 = 0. What is the units digit of z?
0
What is the units digit of (1*-7 + (0 + 3 - 0))*-8518?
2
Let t(z) = 63*z**2 - 8*z - 23. What is the units digit of t(24)?
3
Let n = 14 - 14. Suppose n = -39*u + 43*u. Suppose u = -3*m - 3, 3*x + 2*m - 85 = 0. What is the units digit of x?
9
Suppose -4*s - 1323 = -5*q, -16*s + 5*q - 1660 = -11*s. Let j = s - -664. What is the hundreds digit of j?
3
What is the hundreds digit of 3178524/116 + (63/147 - 101/203)?
4
Let d be 4/32 + 2 + 348/32. What is the units digit of (6 + -2)/(d/((-25688)/(-16)))?
4
Suppose -20*q + 150539 = -15501. Let g = q + -5200. Suppose 312 = -15*m + g. What is the tens digit of m?
8
Let c(j) = -574*j + 329. What is the hundreds digit of c(-12)?
2
Let u(j) = -2*j**2 - 7*j + 1. Let w be u(-6). Suppose -5*s + 63 = 63. What is the units digit of (36 + w)/(s + 1)?
7
Let p = 483 + -479. Suppose t = -p*t + 2200. What is the hundreds digit of t?
4
Suppose 0 = -9*h + 20 + 16. What is the tens digit of (-1)/(1*h - 1455/363)?
2
Suppose 0 = 78*p - 71*p - 91. Suppose -p*g + 5830 = -2*g. What is the units digit of g?
0
Suppose 360 = 11*n + 217. Suppose n*a = 480 + 66. What is the tens digit of a?
4
Let m(j) = 9*j**2 + 3*j - 41. Let r be m(-8). Let v = r - 43. What is the hundreds digit of v?
4
Let d = 658 - -18752. What is the tens digit of d?
1
Let f(l) = -l**2 + 12*l + 110. Let y be f(18). Suppose -91 = -y*u + u - 5*q, -286 = -3*u - 2*q. What is the units digit of u?
6
Suppose 40*w + w - 23*w - 164286 = 0. What is the thousands digit of w?
9
Suppose 0 = i + 5*a - a + 31, -i - 5*a = 35. Let q(g) = g**3 + 18*g**2 + 5*g - 9. What is the tens digit of q(i)?
9
Let r(y) be the first derivative of y**4/4 + 3*y**3 + 11*y**2/2 + 8*y - 30. What is the tens digit of r(-7)?
2
What is the units digit of (512/(-42) + 2/(-14))/((-6)/3888)?
2
Suppose -m + w = -11, 24*m + 24 = 26*m - 3*w. Let b(c) = 3*c**2 + 10*c - 22. What is the hundreds digit of b(m)?
3
Let a(s) = 44635*s + 405. What is the units digit of a(1)?
0
What is the ten thousands digit of 14/161 + 6397400/575?
1
Let g(y) = -6*y + 38. Let k be g(6). What is the tens digit of (-1 - k)*(-1985)/15 + 1?
9
What is the thousands digit of 2 - (2/(-7) - ((-1758912)/(-14))/12)?
0
Let v = -110 + 112. Let s(x) = -4*x + v + 68 + 10*x. What is the tens digit of s(0)?
7
Let h(v) = 135*v**2 - 92*v + 140. What is the tens digit of h(-8)?
1
Suppose 51*a + 41*a = 1143192. What is the units digit of a?
6
Suppose -23*q + 1056899 = 314781. What is the hundreds digit of q?
2
Suppose -13*c - 38 + 480 = 0. Suppose c*f = -4*f + 16264. What is the tens digit of f?
2
Let o(z) be the first derivative of -z**4/4 - 5*z**3 - 17*z**2/2 + 3*z - 74. What is the tens digit of o(-15)?
5
What is the units digit of (-15)/(-6)*2902*(511/35 + -7)?
8
Let w = -576 + 571. Let p(b) be the third derivative of -b**4/2 - b**3/6 - 3*b**2. What is the tens digit of p(w)?
5
Let v(u) = -6*u - 11. Let a be v(-3). Suppose -4*d - a = l + 6, -d = -3*l. What is the hundreds digit of 5*(-8)/(-20)*l + 133?
1
Suppose 0 = -22*l + 20*l + 6. Let z(g) = 37*g**2 - g + 5. What is the tens digit of z(l)?
3
Let r be 2/9 - (-345436)/819. Let n = 1949 - r. What is the units digit of n?
7
Suppose -5*p = 5*x + 35, -2*p = -0*p - x + 14. Let k(l) = 3*l**2 + 19*l - 10. Let o be k(p). Suppose o*j = 166 + 114. What is the tens digit of j?
7
Let w(b) = -153*b + 1402. What is the units digit of w(-11)?
5
Let u(z) = 3122*z + 545. What is the tens digit of u(7)?
9
Let a = -341 + 2581. What is the units digit of a?
0
Suppose 54*i + 94420 = 470422. What is the tens digit of i?
6
Let h be -435 + ((-19 - 1)/(-2))/(-2). Let q = h + 719. What is the units digit of q?
9
Suppose -279 = -3*o - 111. Suppose o*j = 61*j - 410. What is the units digit of j?
2
Suppose 9*d - 4*d - 783 = -3*k, 3*d + 503 = 2*k. Suppose -263*b + k*b + 1057 = 0. What is the units digit of b?
1
Let j(z) be the first derivative of -z**4/4 + 7*z**3/3 - 4*z**2 - 5*z + 36. Let m be 4 + (-1 - -1)/3. What is the units digit of j(m)?
1
Suppose -4*j + 9*j + 30 = 0. Let f be j/(-2) + 2 + -1 + 0. Suppose -f*i = 4*p - 204, 177 = 3*p + p - 5*i. What is the tens digit of p?
4
Suppose 2*f + 14 = -13*u + 17*u, -4*f + u + 7 = 0. Suppose f*m + 10*m = 4862. What is the units digit of m?
4
Let b(d) = -d + 12. Let u be b(10). Suppose -u*v + 861 = v. Suppose -13*n = -428 - v. What is the tens digit of n?
5
Suppose -3*n + 2694 = 5*l, -9*n + 3621 = -5*n - 3*l. Let d be 24*((-10)/(-3) + -3). Suppose 0 = z - d*z + n. What is the tens digit of z?
2
Suppose -2*l - 5535 = 7*l. Let j = 25 - l. What is the hundreds digit of j?
6
Let d(y) = -y**3 + 11*y**2 - 10*y + 4. Let i be d(4). Suppose -5*u = -5*t - 160, 0 = 4*t - 5*t - 4*u - 22. Let p = t + i. What is the tens digit of p?
4
Let x = 6071 - -6799. Suppose -56*t + 65*t = x. What is the tens digit of t?
3
Let w(o) = 31*o - 1. Suppose 5 - 17 = -3*t. Let i be w(t). Let z = i + -2. What is the units digit of z?
1
Suppose 2*d = 3*q + 260 - 62, 2*d = -4*q + 184. Suppose 0 = 5*a - 2*x - d, x = 3*a + 4*x - 66. Suppose 21*o - a*o - 97 = 0. What is the tens digit of o?
9
Let f be (-4)/(-26) + (-11)/((-286)/36812). Suppose -6*k + 522 + f = 0. What is the units digit of k?
3
Suppose 0 = 145*f + 206467 - 2910427. What is the ten thousands digit of f?
1
Suppose 4*o = 9 + 11. Suppose o*j = -5*l - 145, -52 = 2*l + 3*j + 2*j. Let q = 55 + l. What is the tens digit of q?
2
Suppose 4*o + 114 = 3*r, r - 5*r - 5*o + 121 = 0. Let g = 31 - r. What is the tens digit of g/(-6)*(56 + -6)?
2
Suppose 2820*j = 2796*j + 9648. What is the units digit of j?
2
Suppose -7*m + 244 = 90. Suppose -2 = 4*y - m. Suppose -z = 3*b - 134, -b + y*b = 0. What is the tens digit of z?
3
What is the thousands digit of 769/(-8)*(13 - 117)?
9
Let y(f) = 5*f**2 + 8*f + 665. What is the units digit of y(-40)?
5
Suppose -22*t - 3*t = 2*t - 240408. What is the thousands digit of t?
8
Let n(o) = -o**3 - 4*o**2 + 59*o + 7. Let a be n(-10). Suppose a*q + 879 = 9770. What is the hundreds digit of q?
5
Let m = -16345 - -31528. Suppose -21*t - m = -30*t. What is the thousands digit of t?
1
Suppose -4*t - 3*c = 833, 194 = -6*t + 5*t + 4*c. What is the units digit of 36/(-8)*t/3?
9
Let b(h) = -43*h + 40*h + 59*h**2 - 22*h**2. What is the units digit of b(-3)?
2
What is the tens digit of (-64596)/56*(-4 + (-8)/(-3))?
3
Suppose -22 = -4*i + 2*n, -i - 5*n = -n - 1. Suppose 4*b = 2*d - 896, 0*d = -i*d + 5*b + 2245. What is the tens digit of d?
5
Suppose -471*m - 254*m = -28752050. What is the thousands digit of m?
9
Suppose -5*t + 4*c + 87391 = 0, -2*t + 34966 = -50*c + 46*c. What is the hundreds digit of t?
4
Let u = 20287 - 10520. What is the hundreds digit of u?
7
What is the units digit of -19 + 13 - (-656 + 2)?
8
Let r(j) = -99*j**2 + 44*j**2 - 52*j + 54*j**2 - 7. What is the units digit of r(-25)?
8
Let z be (585/(-130))/(2/(-4)). Let n(h) = -2*h**2 + 22 - 2*h**2 + 6*h**2 - 20*h. What is the units digit of n(z)?
4
Let l(b) = 4550*b**2 - 16*b - 70. What is the thousands digit of l(3)?
0
Suppose 34 + 80 = 19*z. What is the tens digit of 136/z*351/18?
4
Let t(n) = 808*n - 2061. What is the thousands digit of t(14)?
9
Let v(k) = 21*k**2 + k. Let n be v(-2). Let l = 254 + n. Sup